{"id":125,"date":"2019-08-15T22:27:35","date_gmt":"2019-08-15T20:27:35","guid":{"rendered":"http:\/\/www.westsidegroup.home.pl\/wp_weterynarz\/?page_id=125"},"modified":"2020-07-20T14:51:34","modified_gmt":"2020-07-20T12:51:34","slug":"badania-wewnetrzne","status":"publish","type":"page","link":"http:\/\/www.halit-vet.com\/index.php\/badania-wewnetrzne\/","title":{"rendered":"Badania wewn\u0119trzne"},"content":{"rendered":"<p><a href=\"http:\/\/www.halit-vet.com\/wp-content\/uploads\/2020\/07\/BADANIA_WEWNETRZNE.jpg\"><img loading=\"lazy\" class=\"alignnone size-full wp-image-1546\" src=\"http:\/\/www.halit-vet.com\/wp-content\/uploads\/2020\/07\/BADANIA_WEWNETRZNE.jpg\" alt=\"\" width=\"200\" height=\"170\" \/><\/a><\/p>\n<ul>\n<li>choroby przewodu pokarmowego, w\u0105troby, trzustki<\/li>\n<li>choroby uk\u0142adu oddechowego i kr\u0105\u017cenia<\/li>\n<li>choroby uk\u0142adu moczowego<\/li>\n<li>choroby uk\u0142adu nerwowego<\/li>\n<li>zaburzenia endokrynologiczne<\/li>\n<li>problemy hematologiczne<\/li>\n<\/ul>\n","protected":false},"excerpt":{"rendered":"<p>choroby przewodu pokarmowego, w\u0105troby, trzustki choroby uk\u0142adu oddechowego i kr\u0105\u017cenia choroby uk\u0142adu moczowego choroby uk\u0142adu nerwowego zaburzenia endokrynologiczne problemy hematologiczne<\/p>\n","protected":false},"author":1,"featured_media":0,"parent":0,"menu_order":0,"comment_status":"closed","ping_status":"closed","template":"","meta":[],"_links":{"self":[{"href":"http:\/\/www.halit-vet.com\/index.php\/wp-json\/wp\/v2\/pages\/125"}],"collection":[{"href":"http:\/\/www.halit-vet.com\/index.php\/wp-json\/wp\/v2\/pages"}],"about":[{"href":"http:\/\/www.halit-vet.com\/index.php\/wp-json\/wp\/v2\/types\/page"}],"author":[{"embeddable":true,"href":"http:\/\/www.halit-vet.com\/index.php\/wp-json\/wp\/v2\/users\/1"}],"replies":[{"embeddable":true,"href":"http:\/\/www.halit-vet.com\/index.php\/wp-json\/wp\/v2\/comments?post=125"}],"version-history":[{"count":2,"href":"http:\/\/www.halit-vet.com\/index.php\/wp-json\/wp\/v2\/pages\/125\/revisions"}],"predecessor-version":[{"id":1553,"href":"http:\/\/www.halit-vet.com\/index.php\/wp-json\/wp\/v2\/pages\/125\/revisions\/1553"}],"wp:attachment":[{"href":"http:\/\/www.halit-vet.com\/index.php\/wp-json\/wp\/v2\/media?parent=125"}],"curies":[{"name":"wp","href":"https:\/\/api.w.org\/{rel}","templated":true}]}}